 Suppose p - 60 = -2*p. Calculate the remainder when p is divided by z.
9
Let h(c) = -c + 3 + 0*c + c**2 - 2*c. Calculate the remainder when 5 is divided by h(3).
2
Let m(k) = k**3 + 12*k**2 + 10*k + 12. Let o = 0 + -3. Calculate the remainder when 270/4 - o/(-6) is divided by m(-11).
21
Suppose 0*n = 3*m + 2*n - 7, -5*m - 3*n + 13 = 0. What is the remainder when 8 is divided by m?
3
Let k be (24 + 2/(-2))*1. Suppose c = 5*i - 20, 4*c = 7*i - 3*i. Suppose -k = -c*r - 3. Calculate the remainder when 7 is divided by r.
3
Suppose -7 = -4*s + 5. Suppose -j - 44 = 3*a, -a + 27 - s = -j. Let g = j - -46. What is the remainder when 32 is divided by g?
15
Let q(r) = r**2 + 3*r - 1. Let w be q(-4). Suppose 0 = -7*k + 2*k + 4*a - 182, w*k + 99 = -a. Let o = k + 49. Calculate the remainder when o is divided by 9.
6
Let y = -33 + 47. Let i be (-14)/6 - 10/15. Let s = i + y. Calculate the remainder when 21 is divided by s.
10
Suppose r = -0 + 6. Suppose 2*g = r*g - 96. What is the remainder when g is divided by 13?
11
Let k = 84 + -54. What is the remainder when 148 is divided by k?
28
Let d(v) = v**3 + 8*v**2 - 10*v + 7. Let h be d(-9). Let i = -6 + h. Calculate the remainder when 37 is divided by i.
7
Suppose 6*t + 85 = 11*t. Suppose -5*w - 37 = -202. What is the remainder when w is divided by t?
16
Let d = -9 - -19. Calculate the remainder when d is divided by 6.
4
Suppose 4 = -l - 62. Suppose 2*x - 53 - 119 = -4*j, -5*x + 3*j + 469 = 0. Let v = x + l. What is the remainder when v is divided by 7?
5
Suppose 0*z + 2*z = -10. Let n(s) = -12*s + 1. What is the remainder when n(-1) is divided by -6 + 6 + z/(-1)?
3
Let r be (1/2)/(2/(-4)). Let z = r + 23. Calculate the remainder when z is divided by ((-1)/(-1))/(3/18).
4
Suppose 53 = 7*j - 2*j - 4*h, -2*j + 8 = 5*h. What is the remainder when 776/j - 12/54 is divided by 22?
20
Let t(w) = 2*w**2 - w - 2. Let m = 20 + 3. Let f = m - 10. Calculate the remainder when f is divided by t(-2).
5
What is the remainder when (1 - 6)/(-1*1) is divided by -3 + -1 + 2 + 4?
1
Suppose 0 = -0*x + x - 33. Suppose -3*l + 85 = 2*t, -t - 2*t = 12. Let c = l + -22. What is the remainder when x is divided by c?
6
Let k(i) = -i**2 - 11*i + 7. What is the remainder when 47 is divided by k(-11)?
5
Calculate the remainder when 11 is divided by 5/10*14 + -3.
3
Let c be -1 - 1/((-2)/16). Suppose 3*j = 4*j - c. What is the remainder when j is divided by 5?
2
Let z = 70 - 48. What is the remainder when 63 is divided by z?
19
Let u = -21 + 37. Let n(c) be the first derivative of -15*c**2 - 1. What is the remainder when n(-1) is divided by u?
14
Suppose 3*q - 159 = -5*o, 0 = -4*o + o + 4*q + 78. Calculate the remainder when o/9*(-6)/(-4) is divided by 2.
1
Suppose 0 = -4*t - 0*t - 128. Let g = t - -52. What is the remainder when g is divided by 11?
9
What is the remainder when 3*1 - (-240)/5 is divided by 18?
15
Let k = -90 - -96. Calculate the remainder when 51 is divided by k.
3
Let k be (-1 - -3) + (-5 - 15). Let h = 34 + k. What is the remainder when -2*2/((-4)/31) is divided by h?
15
Suppose 2*j = -4*c + 4, -2*c - 2*c + 4 = -5*j. Suppose 89 = 2*b - u, j*b - 55 = -b + 4*u. Let z = b - 31. What is the remainder when z is divided by 7?
5
Let r(o) = o**3 - 4*o**2 - 5*o + 5. Let s be r(5). Suppose 3*b + 5*z = 29, s*b + 2*z + 16 = 58. What is the remainder when 30 is divided by b?
6
Let m = 11 + 18. Calculate the remainder when m is divided by 8.
5
Calculate the remainder when 15/(-2)*184/(-69) is divided by 7.
6
What is the remainder when 23 is divided by ((-2)/6)/((-4)/144)?
11
Calculate the remainder when 30 is divided by ((-8)/6)/(2/(-12)).
6
Suppose 4*a - 4*b + 60 = 0, 0*a + 2*b = 3*a + 45. What is the remainder when 429/15 + (-6)/a is divided by 6?
5
Let f(v) = -v**2 - 11*v - 14. What is the remainder when 21 is divided by f(-9)?
1
Let m(r) = r**2 - 7*r - 10. Let v be m(8). Let t = v - -1. What is the remainder when 19 is divided by -2*(t - 5/2)?
5
Let n(j) = 2*j**2 + 26*j - 9. What is the remainder when n(-14) is divided by 9?
1
Suppose 5*i = -15 - 0, 0 = -2*b + 4*i + 38. Let k(d) = 2*d**2 - 6*d - 5. Calculate the remainder when k(-4) is divided by b.
12
Suppose -5*t - 5 = 5*j, -23 = -3*j - j + 5*t. What is the remainder when 2/7 - 257/(-7) is divided by ((-8)/(-16))/(j/52)?
11
Suppose -5*g + 2*g - 12 = 0, 4*g = k - 14. Let b be ((-5)/((-5)/(-26)))/k. Calculate the remainder when b + 4/(-1 - 1) is divided by 4.
3
Let n(r) be the third derivative of -5*r**6/24 - r**5/30 - r**4/12 - r**3/6 + 3*r**2. What is the remainder when 94 is divided by n(-1)?
22
Suppose -45 = -6*j + 3*j. Let m = -3 - -31. What is the remainder when m is divided by j?
13
Let z be (-1)/5 - (-21)/5. Suppose z*m = m + 102. What is the remainder when 34 is divided by m/3 + (-4)/(-6)?
10
Calculate the remainder when ((-55)/10 + 4)/((-6)/100) is divided by 8.
1
Suppose 4 = -r - 2*h + 6, -2*r + 4*h = -44. Calculate the remainder when 59 is divided by r.
11
Let a be (-3)/(-6)*(0 + 0). Let u = a + 7. Let b(l) = -l**2 - 8*l + 4. What is the remainder when b(-5) is divided by u?
5
Suppose 8*j - 516 = 4*j. Calculate the remainder when j is divided by 33.
30
Let j(n) = -n**2 + 3. Let w be j(0). Suppose 0 = 3*i - w - 3. Let u = -1 + i. Calculate the remainder when 1 is divided by u.
0
Let i(v) = -v - 7. Let g be i(-6). Let r be (2/g - 1)*1. Calculate the remainder when 9 is divided by 5 + (r - (-4 - -1)).
4
Let p be 2 + 3*186/9. Let z = -41 + p. Suppose -2*g + o + 2*o + 99 = 0, 84 = 2*g + 2*o. What is the remainder when g is divided by z?
22
What is the remainder when 3 is divided by 4 - 4/(-2) - 4?
1
Suppose 8 = -2*y + 134. What is the remainder when y is divided by 13?
11
Suppose -6*y + 2*y + 308 = 0. Suppose -q + 78 = 2*q. What is the remainder when y is divided by q?
25
Suppose 5*w = 4*w + 4. Suppose 16 = w*o + 116. Let b = o - -41. Calculate the remainder when 47 is divided by b.
15
Suppose 12 = 4*c, -3*m - c + 5*c = 24. Calculate the remainder when ((-2)/m)/(4/88) is divided by 3.
2
Suppose -2*b = b - 36. Let l(x) = -x + 7. Let t be l(7). What is the remainder when 34 is divided by b/(t + 2 + -1)?
10
Calculate the remainder when 5/((2/3)/2) is divided by 9.
6
Suppose 0*h = 5*h + b - 175, 0 = h - 4*b - 14. Let y = 54 - h. Suppose -10 = -3*i + y. What is the remainder when i is divided by 4?
2
Let c = 13 - 5. Let r be -6*((-7)/3)/7. Let f = c - r. Calculate the remainder when f is divided by 2.
0
Let c(s) = -s**3 - 4*s**2 - 3*s - 1. Let j be c(-3). Let g = 8 + 13. Calculate the remainder when g is divided by (-2 + 13)/(j + 2).
10
Let v(w) = -54*w - 13. Calculate the remainder when v(-2) is divided by 33.
29
Let l = -34 - -68. Suppose b = -b + l. What is the remainder when 49 is divided by b?
15
Let j be 6/(-12) + (-9)/(-2). Suppose -2*r = j*x - 166, 2*x + r + 49 = 3*x. What is the remainder when x is divided by 23?
21
Let l = 8 - 10. Let a(h) be the first derivative of -h**4/2 - 2*h**3/3 - 2*h - 1. What is the remainder when a(l) is divided by 3?
0
Let a be 0/(-2 + (-3)/(-3)). Let d(f) = -f**3 - f + 57. What is the remainder when d(a) is divided by 15?
12
Let d = 25 - 6. Suppose 0 = -i - v + d, 5*i + v + 0 = 83. What is the remainder when 62 is divided by i?
14
Let q(t) = -t**3 - 3*t**2 - 4*t - 2. Let c(z) = -3*z - 6. Let w be c(-7). Let u = 44 - w. What is the remainder when u is divided by q(-3)?
9
Suppose f - 2 - 5 = 0. What is the remainder when (-106)/(-4) + (-1)/(-2) is divided by f?
6
Let f(i) = i**2 + 15*i + 16. Let m(t) = -5*t**3 - 3*t**2 - 2*t - 1. Calculate the remainder when m(-2) is divided by f(-15).
15
Suppose 4*y - 314 = k - 72, y = 3*k + 66. Let z(d) = 4*d - 8. What is the remainder when y is divided by z(6)?
12
Let g(z) = z**2 + 13*z - 12. Suppose 0 = 4*p + 1 - 13. Suppose 6*t = p*t - 4*r + 7, -t - 5 = 5*r. What is the remainder when t is divided by g(-14)?
1
Suppose -3*x = -3*y - 300, 2*x + y - 215 = -2*y. Calculate the remainder when x is divided by 35.
33
Suppose -4*d = -d. Suppose d*p = 5*p - 85. Calculate the remainder when p is divided by 10.
7
Let n be 3*((-6)/2 + 4). Suppose 0 = -n*v + 7*v - 56. What is the remainder when 26 is divided by v?
12
Suppose i - 3*f = 9, 15 - 2 = 3*i - 2*f. Calculate the remainder when 9 is divided by i.
0
Suppose -